at is 4 + -1032?
-1027
In base 6, what is -521 - 4?
-525
In base 7, what is -3 + 53?
50
In base 10, what is 3 - 1007?
-1004
In base 9, what is 18 - -48?
67
In base 10, what is -63 - 1?
-64
In base 5, what is 3 - 1?
2
In base 8, what is -5 + 1325?
1320
In base 9, what is 34 + 482?
526
In base 7, what is -5 + 35?
30
In base 8, what is -2 + -673?
-675
In base 14, what is -3c - 59?
-97
In base 3, what is -212 - 2?
-221
In base 11, what is 371 - -1?
372
In base 10, what is -3 + 97?
94
In base 2, what is -10100 - -1010011?
111111
In base 4, what is 3 + -2?
1
In base 7, what is 1622 + 2?
1624
In base 3, what is 10 - 100101?
-100021
In base 11, what is -231 + 4?
-228
In base 15, what is -1 + 2c?
2b
In base 16, what is -1 - -5e7?
5e6
In base 3, what is -100 - 22?
-122
In base 7, what is -152 + -10?
-162
In base 6, what is 11 + -250?
-235
In base 13, what is 6 + 2c?
35
In base 13, what is -20 - 16?
-36
In base 4, what is 1 + 11?
12
In base 3, what is -11002 + 1?
-11001
In base 5, what is -22444 + 0?
-22444
In base 5, what is 11123 + 2?
11130
In base 12, what is -4 + -18?
-20
In base 5, what is -214 - 11?
-230
In base 7, what is 6250 + 5?
6255
In base 2, what is -1110110 - 101?
-1111011
In base 3, what is 0 - -211?
211
In base 8, what is 27 + 2?
31
In base 5, what is -1 + -42214?
-42220
In base 10, what is -16849 - 5?
-16854
In base 4, what is 1223 - 1?
1222
In base 14, what is -5 + -61?
-66
In base 6, what is 113 + 2?
115
In base 13, what is 1 + 71c?
720
In base 16, what is -2b - -5e?
33
In base 14, what is 5 + -2a?
-25
In base 14, what is 309 - -3?
30c
In base 9, what is -3 + 352?
348
In base 13, what is -6 - -152?
149
In base 7, what is 3 + 11335?
11341
In base 6, what is 332 - 0?
332
In base 9, what is -485 + -2?
-487
In base 2, what is 1 - 0?
1
In base 3, what is -1112 - 1?
-1120
In base 14, what is 6 - -1b?
23
In base 5, what is 20 - 31?
-11
In base 11, what is 25 + 62?
87
In base 4, what is -2 + -1010103?
-1010111
In base 9, what is -31 + 21?
-10
In base 12, what is 15 + -15?
0
In base 16, what is 1 - -df?
e0
In base 13, what is 0 - 2163?
-2163
In base 13, what is 0 - -451?
451
In base 2, what is -100001110 + -100?
-100010010
In base 12, what is -1 + -729?
-72a
In base 10, what is 45 - 2?
43
In base 8, what is 0 + 1302?
1302
In base 9, what is 3 - -5?
8
In base 6, what is -211205 - 5?
-211214
In base 7, what is 641 + 1?
642
In base 15, what is 2 - 52?
-50
In base 9, what is 1168 + 4?
1173
In base 7, what is 46142 + 5?
46150
In base 16, what is 4fd - 0?
4fd
In base 16, what is -a - 1fa?
-204
In base 16, what is -4 - 19e?
-1a2
In base 10, what is 1029 + -3?
1026
In base 9, what is 2022 + -14?
2007
In base 15, what is 4 - a0?
-9b
In base 16, what is 124 - 3?
121
In base 13, what is 362 + -1?
361
In base 15, what is -e + -6?
-15
In base 9, what is 851 - 4?
846
In base 9, what is 4 + 26?
31
In base 11, what is 1a0 + -32?
169
In base 7, what is 56 - 26?
30
In base 14, what is -17 - 8?
-21
In base 2, what is 100010 - -1011?
101101
In base 5, what is -133 + -4?
-142
In base 8, what is -1 + 3251?
3250
In base 2, what is 11011101011011 - -11?
11011101011110
In base 14, what is 1 - 45?
-44
In base 4, what is -100 - 10?
-110
In base 5, what is 4 - 423?
-414
In base 16, what is d5 + 2?
d7
In base 4, what is -213 - -1113?
300
In base 7, what is -561 + 5?
-553
In base 2, what is 101001101011001 + 11?
101001101011100
In base 14, what is -2 + -292?
-294
In base 7, what is -10 - 2414?
-2424
In base 13, what is -15706 - -5?
-15701
In base 3, what is 2122112 + -12?
2122100
In base 13, what is 14 + 24?
38
In base 8, what is -4 - 1224?
-1230
In base 7, what is 144 + 204?
351
In base 11, what is -798 - 1?
-799
In base 4, what is 20 + -2133?
-2113
In base 16, what is b + -1b?
-10
In base 10, what is 1 + -324?
-323
In base 16, what is -80 - -11?
-6f
In base 3, what is 12001 + -1?
12000
In base 12, what is -2 - 164?
-166
In base 12, what is 49 + -34?
15
In base 9, what is 2 - 178?
-176
In base 2, what is 101 - -1111101?
10000010
In base 12, what is -475 - 2?
-477
In base 3, what is 12211 - -21?
20002
In base 11, what is 1 + 612?
613
In base 7, what is 12 - -10?
22
In base 9, what is 3 + -2080?
-2076
In base 6, what is -11234 + -3?
-11241
In base 16, what is -5 - 30?
-35
In base 12, what is -14 + 139?
125
In base 12, what is 559 + a?
567
In base 8, what is 2 - -307?
311
In base 6, what is 14 - -551?
1005
In base 2, what is -111101 - 0?
-111101
In base 3, what is 12 + 1002?
1021
In base 11, what is -9 - 19?
-27
In base 12, what is b + -1b8?
-1a9
In base 10, what is 144 - -25?
169
In base 6, what is 1 - 15354?
-15353
In base 2, what is -10010000 + -111?
-10010111
In base 3, what is 102112 - 1112?
101000
In base 6, what is 231 - 23?
204
In base 15, what is -4 - -1d?
19
In base 10, what is 396 - 5?
391
In base 6, what is -4 - -123?
115
In base 16, what is 1288 - 2?
1286
In base 3, what is -120 + -101?
-221
In base 9, what is 381 + 1?
382
In base 9, what is 5 - -8084?
8100
In base 4, what is -20212 - -11?
-20201
In base 4, what is -2123 + -133?
-2322
In base 3, what is -2 - 10100?
-10102
In base 9, what is 1501 - -10?
1511
In base 14, what is -24 - 9d?
-c3
In base 14, what is -7 - -16?
d
In base 12, what is -9810 + 1?
-980b
In base 7, what is -16 - -10?
-6
In base 12, what is -5 - -29?
24
In base 16, what is -c + 61?
55
In base 16, what is -2 + 19?
17
In base 6, what is -3 - -25132?
25125
In base 14, what is -4 + 11?
b
In base 14, what is 66 + 3?
69
In base 4, what is 1002 - 2?
1000
In base 8, what is -230 - 17?
-247
In base 4, what is -1031 + -110?
-1201
In base 3, what is -101002 + -12?
-101021
In base 4, what is 210012 + 3?
210021
In base 11, what is -1 + 25?
24
In base 9, what is -150 - 48?
-208
In base 13, what is 805 + -7?
7cb
In base 3, what is 1 + 112121?
112122
In base 4, what is -2113 + -22?
-2201
In base 8, what is 1 + 557?
560
In base 3, what is 12 - -202000?
202012
In base 13, what is 1b9 + 5?
1c1
In base 7, what is -306 - 5?
-314
In base 13, what is -47 - 3?
-4a
In base 13, what is -23 + 76?
53
In base 11, what is 10204 - -2?
10206
In base 16, what is 1 + 9c?
9d
In base 7, what is -3 - -11?
5
In base 14, what is 0 + a0a?
a0a
In base 9, what is -526 - -4?
-522
In base 9, what is -114 - 3?
-117
In base 3, what is 110 - 100021?
-22211
In base 13, what is 6 + -235?
-22c
In base 6, what is 35055 + 11?
35110
In base 2, what is 1 + -1010110?
-1010101
In base 6, what is -102 - -4?
-54
In base 5, what is 11 - -402?
413
In base 4, what is -31031 + -2?
-31033
In base 12, what is 0 - -895?
895
In base 10, what is 480 - -1?
481
In base 3, what is 1222000 - -112?
1222112
In base 11, what is 151 + -3?
149
In base 9, what is -18 + -7?
-26
In base 15, what is -3 + -3b8?
-3bb
In base 10, what is 0 - -1385?
1385
In base 6, what is 4 + 25554?
30002
In base 3, what is 111101221 - 2?
111101212
In base 13, what is 775 + -2?
773
In base 2, what is -101100101100 - 111?
-101100110011
In base 3, what is -2020 - -11?
-2002
In base 12, what is 3 + -30?
-29
In base 6, what is -14 - -21?
3
In base 2, what is -101 + 100001000010?
100000111101
In base 14, what is 8a + -62?
28
In base 7, what is -5 - 6653?
-6661
In base 3, what is 110 + -222001?
-221121
In base 8, what is 21 - -47?
70
In base 16, what is -3 + 45?
42
In base 15, what is -d5 - -3?
-d2
In base 3, what is -200022 - 1?
-200100
In base 15, what is -21 - -2e?
d
In base 4, what is 3 - -23312?
23321
In base 7, what is -12 - -21?
6
In base 10, what is -14 - -212?
198
In base 9, what is -16 - 1?
-17
In base 15, what is -2 + e?
c
In base 3, what is 10 + -110010?
-110000
In base 9, what is -378 - -10?
-368
In base 11, what is a - 1449?
-143a
In base 3, what is 221 - -2212?
10210
In base 6, what is -32 - -424?
352
In base 4, what is 1330 + 2?
1332
In base 16, what is -6 - 17?
-1d
In base 15, what is 11 - -256?
267
In base 7, what is 4 + 61?
65
In base 11, what is -4 - 2a03?
-2a07
In base 2, what is -1010 - -10001?
111
In base 14, what is -2 + -731?
-733
In base 8, what is 24 - -10?
34
In base 15, what is -9b + -1?
-9c
In base 16, what is -3 - 40e?
-411
In base 2, what is -1001110110011 + -101?
-1001110111000
In base 6, what is -202025 + -5?
-202034
In base 16, what is 5 - -486?
48b
In base 7, what is 6 + -2112?
-2103
In base 13, what is c8 